 factor of 365 and 73.
73
Calculate the highest common factor of 85 and 5.
5
What is the highest common factor of 210 and 189?
21
What is the highest common factor of 21474 and 90?
18
Calculate the greatest common divisor of 46 and 2806.
46
Calculate the greatest common factor of 84 and 63.
21
Calculate the greatest common divisor of 775 and 31.
31
Calculate the highest common divisor of 27 and 333.
9
Calculate the greatest common divisor of 612 and 36.
36
What is the highest common divisor of 12 and 1568?
4
What is the greatest common factor of 176 and 256?
16
What is the greatest common divisor of 22 and 77?
11
What is the highest common factor of 8694 and 98?
14
What is the highest common divisor of 11654 and 2?
2
Calculate the highest common factor of 4 and 1228.
4
What is the greatest common factor of 342 and 1976?
38
What is the greatest common divisor of 370 and 140?
10
Calculate the greatest common divisor of 63 and 1197.
63
Calculate the greatest common divisor of 1147 and 74.
37
Calculate the highest common factor of 32486 and 74.
74
What is the highest common divisor of 24 and 37872?
24
What is the greatest common divisor of 27 and 243?
27
Calculate the highest common factor of 354 and 14691.
177
Calculate the greatest common divisor of 100 and 1450.
50
Calculate the highest common divisor of 42 and 363.
3
What is the greatest common factor of 183 and 6?
3
Calculate the greatest common divisor of 1200 and 2136.
24
Calculate the highest common factor of 220 and 154.
22
What is the highest common divisor of 63 and 693?
63
What is the highest common divisor of 15 and 10?
5
Calculate the greatest common factor of 117 and 18.
9
Calculate the highest common divisor of 8588 and 380.
76
Calculate the highest common divisor of 14 and 28.
14
Calculate the greatest common factor of 10 and 135.
5
Calculate the highest common divisor of 1 and 2455.
1
What is the highest common factor of 128 and 7616?
64
What is the highest common divisor of 192 and 372?
12
What is the highest common factor of 7 and 565?
1
What is the highest common factor of 172 and 20?
4
What is the highest common divisor of 176 and 374?
22
Calculate the highest common divisor of 40 and 1000.
40
Calculate the greatest common divisor of 50 and 80.
10
What is the greatest common factor of 23050 and 25?
25
Calculate the greatest common factor of 63 and 432.
9
Calculate the highest common factor of 3729 and 2034.
339
What is the highest common divisor of 90 and 918?
18
What is the greatest common divisor of 70 and 120?
10
What is the greatest common divisor of 18 and 66?
6
What is the greatest common factor of 11 and 473?
11
Calculate the highest common divisor of 153 and 207.
9
Calculate the greatest common divisor of 1248 and 4056.
312
What is the greatest common factor of 420 and 90?
30
What is the highest common factor of 780 and 36?
12
What is the greatest common factor of 4228 and 8?
4
What is the greatest common factor of 104 and 648?
8
What is the greatest common factor of 836 and 76?
76
Calculate the greatest common factor of 194 and 172.
2
Calculate the highest common divisor of 1320 and 2400.
120
Calculate the highest common divisor of 2743 and 65.
13
Calculate the highest common factor of 684 and 1900.
76
What is the greatest common factor of 16055 and 285?
95
What is the greatest common divisor of 33 and 1001?
11
What is the greatest common divisor of 416 and 988?
52
What is the highest common divisor of 12 and 606?
6
What is the greatest common factor of 768 and 24?
24
Calculate the greatest common divisor of 2592 and 81.
81
Calculate the highest common factor of 144 and 648.
72
Calculate the greatest common divisor of 1866 and 24.
6
What is the highest common factor of 68 and 1292?
68
What is the greatest common divisor of 12046 and 38?
38
Calculate the highest common factor of 315 and 9345.
105
Calculate the highest common divisor of 10 and 30.
10
What is the greatest common divisor of 60 and 3495?
15
What is the greatest common divisor of 22 and 550?
22
What is the greatest common divisor of 5675 and 1816?
227
Calculate the highest common divisor of 11 and 11957.
11
Calculate the greatest common factor of 6564 and 12.
12
What is the highest common divisor of 105 and 140?
35
Calculate the greatest common factor of 741 and 19.
19
What is the greatest common factor of 374 and 11?
11
What is the greatest common factor of 42480 and 18?
18
Calculate the greatest common factor of 56 and 4956.
28
Calculate the greatest common divisor of 692 and 8.
4
What is the greatest common divisor of 550 and 100?
50
What is the greatest common factor of 120 and 320?
40
What is the greatest common factor of 988 and 128?
4
Calculate the highest common divisor of 413 and 177.
59
Calculate the highest common factor of 17 and 17.
17
What is the greatest common factor of 99 and 99?
99
Calculate the highest common factor of 12 and 11236.
4
What is the greatest common divisor of 396 and 198?
198
Calculate the highest common divisor of 779 and 133.
19
Calculate the highest common divisor of 70 and 11830.
70
What is the greatest common factor of 42 and 66?
6
Calculate the greatest common divisor of 4158 and 252.
126
What is the greatest common factor of 50 and 250?
50
Calculate the highest common factor of 5499 and 234.
117
What is the highest common divisor of 5816 and 16?
8
Calculate the greatest common divisor of 88 and 30536.
88
What is the highest common factor of 1885 and 208?
13
Calculate the highest common factor of 320 and 360.
40
What is the greatest common factor of 2430 and 252?
18
Calculate the highest common divisor of 228 and 48.
12
Calculate the highest common factor of 10 and 770.
10
What is the highest common divisor of 25 and 425?
25
Calculate the greatest common factor of 12506 and 74.
74
What is the highest common factor of 15 and 5415?
15
What is the highest common divisor of 91 and 390?
13
Calculate the greatest common factor of 90 and 30.
30
What is the greatest common divisor of 202 and 4?
2
Calculate the greatest common factor of 170 and 20.
10
Calculate the highest common factor of 3349 and 85.
17
Calculate the highest common divisor of 37939 and 11.
11
Calculate the highest common factor of 14 and 30170.
14
What is the greatest common factor of 48 and 324?
12
What is the greatest common divisor of 847 and 3267?
121
Calculate the greatest common factor of 679 and 97.
97
Calculate the highest common divisor of 234 and 2119.
13
Calculate the greatest common factor of 76 and 57.
19
Calculate the greatest common divisor of 20148 and 292.
292
Calculate the highest common divisor of 66 and 22.
22
Calculate the greatest common divisor of 2097 and 9.
9
Calculate the highest common divisor of 7240 and 10.
10
Calculate the highest common divisor of 49 and 74431.
49
What is the highest common divisor of 69 and 230?
23
What is the highest common divisor of 12 and 186?
6
What is the highest common factor of 50 and 325?
25
What is the greatest common divisor of 23 and 3427?
23
Calculate the highest common divisor of 119795 and 65.
65
Calculate the greatest common factor of 20 and 55.
5
Calculate the highest common factor of 28368 and 720.
144
What is the greatest common divisor of 714 and 2814?
42
What is the greatest common factor of 40 and 296?
8
Calculate the highest common divisor of 204 and 153.
51
Calculate the greatest common factor of 19 and 5.
1
What is the greatest common factor of 60 and 20?
20
What is the highest common factor of 3660 and 960?
60
What is the greatest common divisor of 18 and 63?
9
Calculate the highest common factor of 62 and 899.
31
What is the greatest common divisor of 512 and 8?
8
What is the highest common divisor of 182 and 5018?
26
What is the highest common divisor of 330 and 1590?
30
What is the greatest common divisor of 50 and 725?
25
Calculate the greatest common divisor of 7120 and 2.
2
Calculate the greatest common factor of 35 and 91.
7
What is the highest common divisor of 45 and 11925?
45
Calculate the highest common factor of 9 and 6903.
9
Calculate the highest common factor of 130 and 9776.
26
What is the highest common divisor of 2640 and 2376?
264
What is the highest common factor of 66 and 858?
66
What is the greatest common di